[INFO] cloning repository https://github.com/chengyuhui/rkvm
[INFO] running `Command { std: "git" "-c" "credential.helper=" "-c" "credential.helper=/workspace/cargo-home/bin/git-credential-null" "clone" "--bare" "https://github.com/chengyuhui/rkvm" "/workspace/cache/git-repos/https%3A%2F%2Fgithub.com%2Fchengyuhui%2Frkvm", kill_on_drop: false }`
[INFO] [stderr] Cloning into bare repository '/workspace/cache/git-repos/https%3A%2F%2Fgithub.com%2Fchengyuhui%2Frkvm'...
[INFO] running `Command { std: "git" "rev-parse" "HEAD", kill_on_drop: false }`
[INFO] [stdout] 9a6a18bdae00c62849977082d7ce09e3aae1af9b
[INFO] checking chengyuhui/rkvm against master#e6e4f7ed1589e03bc2f6c5931c1a72e7947e8682 for beta-170-4
[INFO] running `Command { std: "git" "clone" "/workspace/cache/git-repos/https%3A%2F%2Fgithub.com%2Fchengyuhui%2Frkvm" "/workspace/builds/worker-1-tc2/source", kill_on_drop: false }`
[INFO] [stderr] Cloning into '/workspace/builds/worker-1-tc2/source'...
[INFO] [stderr] done.
[INFO] validating manifest of git repo https://github.com/chengyuhui/rkvm on toolchain e6e4f7ed1589e03bc2f6c5931c1a72e7947e8682
[INFO] running `Command { std: CARGO_HOME="/workspace/cargo-home" RUSTUP_HOME="/workspace/rustup-home" "/workspace/cargo-home/bin/cargo" "+e6e4f7ed1589e03bc2f6c5931c1a72e7947e8682" "metadata" "--manifest-path" "Cargo.toml" "--no-deps", kill_on_drop: false }`
[INFO] started tweaking git repo https://github.com/chengyuhui/rkvm
[INFO] finished tweaking git repo https://github.com/chengyuhui/rkvm
[INFO] tweaked toml for git repo https://github.com/chengyuhui/rkvm written to /workspace/builds/worker-1-tc2/source/Cargo.toml
[INFO] crate git repo https://github.com/chengyuhui/rkvm already has a lockfile, it will not be regenerated
[INFO] running `Command { std: CARGO_HOME="/workspace/cargo-home" RUSTUP_HOME="/workspace/rustup-home" "/workspace/cargo-home/bin/cargo" "+e6e4f7ed1589e03bc2f6c5931c1a72e7947e8682" "fetch" "--manifest-path" "Cargo.toml", kill_on_drop: false }`
[INFO] running `Command { std: "docker" "create" "-v" "/var/lib/crater-agent-workspace/builds/worker-1-tc2/target:/opt/rustwide/target:rw,Z" "-v" "/var/lib/crater-agent-workspace/builds/worker-1-tc2/source:/opt/rustwide/workdir:ro,Z" "-v" "/var/lib/crater-agent-workspace/cargo-home:/opt/rustwide/cargo-home:ro,Z" "-v" "/var/lib/crater-agent-workspace/rustup-home:/opt/rustwide/rustup-home:ro,Z" "-e" "SOURCE_DIR=/opt/rustwide/workdir" "-e" "CARGO_TARGET_DIR=/opt/rustwide/target" "-e" "CARGO_HOME=/opt/rustwide/cargo-home" "-e" "RUSTUP_HOME=/opt/rustwide/rustup-home" "-w" "/opt/rustwide/workdir" "-m" "1610612736" "--user" "0:0" "--network" "none" "ghcr.io/rust-lang/crates-build-env/linux@sha256:19e73879b68f455e41552ea35293514db52ea292d993f571636dbffedb77a1ee" "/opt/rustwide/cargo-home/bin/cargo" "+e6e4f7ed1589e03bc2f6c5931c1a72e7947e8682" "metadata" "--no-deps" "--format-version=1", kill_on_drop: false }`
[INFO] [stdout] 01992ef908b65947c85daf009ae9d7f5dba881a2d2c782fe56c21e61ab15eb7f
[INFO] running `Command { std: "docker" "start" "-a" "01992ef908b65947c85daf009ae9d7f5dba881a2d2c782fe56c21e61ab15eb7f", kill_on_drop: false }`
[INFO] running `Command { std: "docker" "inspect" "01992ef908b65947c85daf009ae9d7f5dba881a2d2c782fe56c21e61ab15eb7f", kill_on_drop: false }`
[INFO] running `Command { std: "docker" "rm" "-f" "01992ef908b65947c85daf009ae9d7f5dba881a2d2c782fe56c21e61ab15eb7f", kill_on_drop: false }`
[INFO] [stdout] 01992ef908b65947c85daf009ae9d7f5dba881a2d2c782fe56c21e61ab15eb7f
[INFO] running `Command { std: "docker" "create" "-v" "/var/lib/crater-agent-workspace/builds/worker-1-tc2/target:/opt/rustwide/target:rw,Z" "-v" "/var/lib/crater-agent-workspace/builds/worker-1-tc2/source:/opt/rustwide/workdir:ro,Z" "-v" "/var/lib/crater-agent-workspace/cargo-home:/opt/rustwide/cargo-home:ro,Z" "-v" "/var/lib/crater-agent-workspace/rustup-home:/opt/rustwide/rustup-home:ro,Z" "-e" "SOURCE_DIR=/opt/rustwide/workdir" "-e" "CARGO_TARGET_DIR=/opt/rustwide/target" "-e" "CARGO_INCREMENTAL=0" "-e" "RUST_BACKTRACE=full" "-e" "RUSTFLAGS=--cap-lints=forbid" "-e" "RUSTDOCFLAGS=--cap-lints=forbid" "-e" "CARGO_HOME=/opt/rustwide/cargo-home" "-e" "RUSTUP_HOME=/opt/rustwide/rustup-home" "-w" "/opt/rustwide/workdir" "-m" "1610612736" "--user" "0:0" "--network" "none" "ghcr.io/rust-lang/crates-build-env/linux@sha256:19e73879b68f455e41552ea35293514db52ea292d993f571636dbffedb77a1ee" "/opt/rustwide/cargo-home/bin/cargo" "+e6e4f7ed1589e03bc2f6c5931c1a72e7947e8682" "check" "--frozen" "--all" "--all-targets" "--message-format=json", kill_on_drop: false }`
[INFO] [stdout] a70ba14eee26f9731ab916af939a9cb6acae28ea54f364e877809e39e8e07410
[INFO] running `Command { std: "docker" "start" "-a" "a70ba14eee26f9731ab916af939a9cb6acae28ea54f364e877809e39e8e07410", kill_on_drop: false }`
[INFO] [stderr]    Compiling libc v0.2.132
[INFO] [stderr]    Compiling anyhow v1.0.62
[INFO] [stderr]     Checking regex-syntax v0.6.27
[INFO] [stderr]     Checking windows v0.39.0
[INFO] [stderr]     Checking once_cell v1.13.1
[INFO] [stderr]     Checking aho-corasick v0.7.18
[INFO] [stderr]     Checking atty v0.2.14
[INFO] [stderr]     Checking regex v1.6.0
[INFO] [stderr]     Checking env_logger v0.9.0
[INFO] [stderr]     Checking rkvm v0.1.0 (/opt/rustwide/workdir/rkvm)
[INFO] [stdout] error[E0433]: failed to resolve: could not find `windows` in `os`
[INFO] [stdout]  --> rkvm/src/util/mod.rs:1:27
[INFO] [stdout]   |
[INFO] [stdout] 1 | use std::{ffi::OsStr, os::windows::prelude::*};
[INFO] [stdout]   |                           ^^^^^^^ could not find `windows` in `os`
[INFO] [stdout] 
[INFO] [stdout] 
[INFO] [stdout] error[E0433]: failed to resolve: could not find `windows` in `os`
[INFO] [stdout]  --> rkvm/src/util/mod.rs:1:27
[INFO] [stdout]   |
[INFO] [stdout] 1 | use std::{ffi::OsStr, os::windows::prelude::*};
[INFO] [stdout]   |                           ^^^^^^^ could not find `windows` in `os`
[INFO] [stdout] 
[INFO] [stdout] 
[INFO] [stdout] warning: unused import: `ptr`
[INFO] [stdout]  --> rkvm/src/main.rs:1:29
[INFO] [stdout]   |
[INFO] [stdout] 1 | use std::{mem::MaybeUninit, ptr, sync::mpsc};
[INFO] [stdout]   |                             ^^^
[INFO] [stdout]   |
[INFO] [stdout]   = note: `#[warn(unused_imports)]` on by default
[INFO] [stdout] 
[INFO] [stdout] 
[INFO] [stdout] warning: unused import: `SetCursorPos`
[INFO] [stdout]   --> rkvm/src/main.rs:11:66
[INFO] [stdout]    |
[INFO] [stdout] 11 |             self, CallNextHookEx, DispatchMessageA, GetMessageA, SetCursorPos, SetWindowsHookExW,
[INFO] [stdout]    |                                                                  ^^^^^^^^^^^^
[INFO] [stdout] 
[INFO] [stdout] 
[INFO] [stdout] warning: unused import: `ptr`
[INFO] [stdout]  --> rkvm/src/main.rs:1:29
[INFO] [stdout]   |
[INFO] [stdout] 1 | use std::{mem::MaybeUninit, ptr, sync::mpsc};
[INFO] [stdout]   |                             ^^^
[INFO] [stdout]   |
[INFO] [stdout]   = note: `#[warn(unused_imports)]` on by default
[INFO] [stdout] 
[INFO] [stdout] 
[INFO] [stdout] warning: unused import: `SetCursorPos`
[INFO] [stdout]   --> rkvm/src/main.rs:11:66
[INFO] [stdout]    |
[INFO] [stdout] 11 |             self, CallNextHookEx, DispatchMessageA, GetMessageA, SetCursorPos, SetWindowsHookExW,
[INFO] [stdout]    |                                                                  ^^^^^^^^^^^^
[INFO] [stdout] 
[INFO] [stdout] 
[INFO] [stdout] error[E0599]: no method named `encode_wide` found for reference `&OsStr` in the current scope
[INFO] [stdout]  --> rkvm/src/util/mod.rs:6:10
[INFO] [stdout]   |
[INFO] [stdout] 4 | /     string
[INFO] [stdout] 5 | |         .as_ref()
[INFO] [stdout] 6 | |         .encode_wide()
[INFO] [stdout]   | |         -^^^^^^^^^^^ method not found in `&OsStr`
[INFO] [stdout]   | |_________|
[INFO] [stdout]   | 
[INFO] [stdout] 
[INFO] [stdout] 
[INFO] [stdout] error[E0599]: no method named `encode_wide` found for reference `&OsStr` in the current scope
[INFO] [stdout]  --> rkvm/src/util/mod.rs:6:10
[INFO] [stdout]   |
[INFO] [stdout] 4 | /     string
[INFO] [stdout] 5 | |         .as_ref()
[INFO] [stdout] 6 | |         .encode_wide()
[INFO] [stdout]   | |         -^^^^^^^^^^^ method not found in `&OsStr`
[INFO] [stdout]   | |_________|
[INFO] [stdout]   | 
[INFO] [stdout] 
[INFO] [stdout] 
[INFO] [stdout] error: aborting due to 2 previous errors; 2 warnings emitted
[INFO] [stdout] 
[INFO] [stdout] 
[INFO] [stdout] Some errors have detailed explanations: E0433, E0599.
[INFO] [stdout] 
[INFO] [stdout] For more information about an error, try `rustc --explain E0433`.
[INFO] [stdout] 
[INFO] [stdout] error: aborting due to 2 previous errors; 2 warnings emitted
[INFO] [stdout] 
[INFO] [stdout] 
[INFO] [stdout] Some errors have detailed explanations: E0433, E0599.
[INFO] [stdout] 
[INFO] [stdout] For more information about an error, try `rustc --explain E0433`.
[INFO] [stdout] 
[INFO] [stderr] error: could not compile `rkvm` (bin "rkvm") due to 3 previous errors; 2 warnings emitted
[INFO] [stderr] warning: build failed, waiting for other jobs to finish...
[INFO] [stderr] error: could not compile `rkvm` (bin "rkvm" test) due to 3 previous errors; 2 warnings emitted
[INFO] running `Command { std: "docker" "inspect" "a70ba14eee26f9731ab916af939a9cb6acae28ea54f364e877809e39e8e07410", kill_on_drop: false }`
[INFO] running `Command { std: "docker" "rm" "-f" "a70ba14eee26f9731ab916af939a9cb6acae28ea54f364e877809e39e8e07410", kill_on_drop: false }`
[INFO] [stdout] a70ba14eee26f9731ab916af939a9cb6acae28ea54f364e877809e39e8e07410
